st common factor of 38 and 1178.
38
Calculate the highest common factor of 141 and 2021.
47
What is the greatest common divisor of 105 and 12?
3
Calculate the greatest common divisor of 18109 and 182.
91
What is the greatest common divisor of 693 and 7?
7
Calculate the greatest common factor of 168 and 108.
12
Calculate the highest common divisor of 1719 and 9.
9
What is the greatest common factor of 33 and 2904?
33
What is the greatest common divisor of 40 and 80?
40
What is the greatest common factor of 56 and 182?
14
What is the greatest common divisor of 4 and 30?
2
Calculate the highest common factor of 144 and 156.
12
Calculate the greatest common divisor of 1363 and 319.
29
What is the highest common factor of 6 and 274?
2
Calculate the greatest common factor of 2635 and 85.
85
Calculate the highest common divisor of 1271 and 124.
31
Calculate the greatest common factor of 13333 and 199.
199
Calculate the greatest common factor of 7117 and 22.
11
What is the greatest common divisor of 3710 and 140?
70
What is the greatest common divisor of 133 and 14?
7
Calculate the highest common divisor of 2 and 458.
2
What is the greatest common divisor of 393 and 12?
3
Calculate the greatest common divisor of 2 and 274.
2
What is the highest common factor of 6650 and 140?
70
Calculate the greatest common divisor of 192 and 90.
6
What is the greatest common factor of 92 and 46?
46
What is the highest common factor of 602 and 154?
14
Calculate the highest common factor of 16554 and 186.
186
Calculate the greatest common factor of 137 and 17536.
137
What is the greatest common factor of 2349 and 87?
87
Calculate the greatest common factor of 88 and 33.
11
Calculate the greatest common factor of 95 and 110.
5
Calculate the greatest common divisor of 6384 and 6.
6
Calculate the highest common divisor of 400 and 144.
16
What is the greatest common divisor of 54 and 459?
27
Calculate the highest common factor of 9 and 16749.
9
What is the highest common factor of 804 and 12?
12
What is the greatest common divisor of 13112 and 77?
11
Calculate the highest common divisor of 819 and 252.
63
What is the highest common factor of 220 and 308?
44
What is the highest common factor of 6 and 27?
3
Calculate the highest common divisor of 24 and 600.
24
Calculate the greatest common divisor of 309 and 1133.
103
What is the greatest common divisor of 296 and 16?
8
Calculate the greatest common divisor of 15 and 69.
3
Calculate the greatest common factor of 610 and 10.
10
What is the highest common divisor of 126 and 28?
14
Calculate the highest common factor of 52 and 108.
4
What is the greatest common factor of 229 and 4?
1
Calculate the greatest common divisor of 10 and 1370.
10
Calculate the greatest common factor of 24 and 29364.
12
Calculate the greatest common factor of 64 and 3776.
64
Calculate the highest common factor of 39 and 91.
13
What is the highest common factor of 267 and 2225?
89
What is the greatest common factor of 23 and 851?
23
What is the highest common divisor of 323 and 76?
19
Calculate the greatest common divisor of 72 and 6.
6
Calculate the highest common divisor of 918 and 85.
17
Calculate the greatest common divisor of 19 and 4769.
19
What is the greatest common factor of 13750 and 330?
110
Calculate the greatest common divisor of 80 and 5840.
80
Calculate the highest common divisor of 783 and 638.
29
What is the greatest common factor of 1235 and 195?
65
What is the greatest common divisor of 13 and 13?
13
Calculate the greatest common divisor of 490 and 49.
49
What is the highest common divisor of 14 and 392?
14
What is the greatest common divisor of 19 and 15694?
19
What is the highest common factor of 11025 and 3087?
441
Calculate the greatest common divisor of 9 and 630.
9
Calculate the greatest common factor of 180 and 640.
20
What is the greatest common factor of 33 and 38247?
33
What is the greatest common divisor of 44112 and 48?
48
What is the highest common factor of 208 and 80?
16
What is the highest common divisor of 701 and 1?
1
Calculate the greatest common divisor of 56 and 24.
8
Calculate the highest common divisor of 23072 and 618.
206
What is the greatest common factor of 689 and 143?
13
What is the highest common factor of 9229 and 11?
11
What is the highest common divisor of 24 and 36?
12
What is the highest common factor of 255 and 300?
15
What is the greatest common divisor of 52 and 2353?
13
Calculate the greatest common divisor of 198 and 54.
18
What is the greatest common divisor of 6656 and 40?
8
Calculate the greatest common factor of 430 and 130.
10
What is the greatest common factor of 224 and 96?
32
Calculate the highest common factor of 24 and 576.
24
Calculate the highest common divisor of 1 and 289.
1
What is the highest common factor of 35 and 1575?
35
Calculate the highest common factor of 61 and 6527.
61
What is the highest common factor of 33 and 495?
33
What is the highest common factor of 5561 and 498?
83
What is the highest common factor of 862 and 4?
2
What is the highest common divisor of 68 and 2482?
34
What is the greatest common divisor of 17 and 918?
17
Calculate the greatest common factor of 69 and 1265.
23
Calculate the greatest common divisor of 700 and 3325.
175
What is the greatest common divisor of 36 and 5388?
12
Calculate the highest common factor of 2781 and 309.
309
Calculate the greatest common divisor of 601 and 3.
1
Calculate the highest common factor of 78 and 702.
78
Calculate the highest common factor of 818 and 2.
2
Calculate the greatest common factor of 13 and 780.
13
Calculate the greatest common divisor of 117 and 3.
3
What is the highest common factor of 30745 and 55?
55
What is the greatest common divisor of 5 and 1795?
5
What is the highest common divisor of 209 and 253?
11
What is the highest common divisor of 7384 and 312?
104
Calculate the highest common divisor of 1022 and 14.
14
What is the greatest common factor of 710 and 20?
10
What is the greatest common factor of 320 and 1216?
64
What is the greatest common factor of 7 and 1358?
7
Calculate the highest common divisor of 1612 and 130.
26
What is the greatest common factor of 2 and 34?
2
What is the greatest common factor of 4 and 1916?
4
What is the highest common divisor of 2493 and 5263?
277
Calculate the greatest common factor of 96 and 132.
12
What is the greatest common factor of 1085 and 310?
155
What is the highest common divisor of 25 and 1175?
25
What is the greatest common factor of 38 and 35302?
38
What is the greatest common factor of 300 and 210?
30
What is the highest common factor of 358 and 4?
2
What is the greatest common divisor of 3017 and 14?
7
What is the highest common factor of 1961 and 212?
53
What is the greatest common divisor of 304 and 12312?
152
What is the greatest common factor of 120 and 135?
15
Calculate the greatest common divisor of 651 and 27776.
217
What is the greatest common factor of 395 and 158?
79
Calculate the highest common divisor of 34 and 85.
17
Calculate the highest common divisor of 4 and 268.
4
Calculate the greatest common divisor of 100 and 268.
4
What is the greatest common factor of 828 and 184?
92
What is the greatest common divisor of 90 and 17478?
18
What is the highest common divisor of 2412 and 36?
36
What is the greatest common factor of 84 and 686?
14
Calculate the greatest common factor of 5 and 8.
1
Calculate the greatest common divisor of 24 and 2424.
24
Calculate the greatest common factor of 77 and 33.
11
Calculate the greatest common divisor of 145 and 10.
5
Calculate the highest common divisor of 11 and 33.
11
What is the highest common factor of 135 and 5400?
135
Calculate the highest common factor of 23 and 1219.
23
What is the highest common factor of 560 and 48?
16
What is the highest common divisor of 752 and 384?
16
Calculate the highest common factor of 132 and 3597.
33
Calculate the greatest common factor of 5660 and 20.
20
What is the highest common factor of 49 and 1?
1
What is the highest common divisor of 3542 and 924?
154
Calculate the greatest common divisor of 377 and 3712.
29
Calculate the greatest common divisor of 4709 and 34.
17
Calculate the greatest common factor of 136 and 3.
1
Calculate the greatest common factor of 5